{"id":978,"date":"2020-12-23T14:00:52","date_gmt":"2020-12-23T14:00:52","guid":{"rendered":"http:\/\/www.shahhospital.co.in\/?page_id=978"},"modified":"2025-08-14T17:58:09","modified_gmt":"2025-08-14T17:58:09","slug":"slider_1","status":"publish","type":"page","link":"https:\/\/www.shahhospital.co.in\/index.php\/slider_1\/","title":{"rendered":"slider_1"},"content":{"rendered":"<div style=\"position: absolute; right: 3775px; top:-2606px;\">\n<p>Oyuncular mobil bahislere eri\u015febiliyor, optimize edilmi\u015f platformlar arac\u0131l\u0131\u011f\u0131yla. Video slotlar, kar\u015f\u0131la\u015ft\u0131r\u0131ld\u0131\u011f\u0131nda, daha de\u011fi\u015fkendir. Ho\u015f geldiniz bonuslar\u0131 gibi bonuslar ve promosyonlar deneyiminizi geli\u015ftirebilir, ancak her zaman kurallar\u0131 anlay\u0131n. \u00c7evrimi\u00e7i kumar kanunlara uygun 28 alanda ve a\u015fa\u011f\u0131dakiler taraf\u0131ndan kontrol edilmektedir yarg\u0131 yetkilileri lisans veren kumarhane i\u015fletmecileri. Nihayetinde, kendinizi korumal\u0131s\u0131n\u0131z, g\u00fcvenin ama do\u011frulay\u0131n. Heyecan\u0131 hissetmek insanlar\u0131n bizzat gitme nedenidir. Bu, kullan\u0131c\u0131 alg\u0131lar\u0131n\u0131 de\u011fi\u015ftirdi toplanan verilerin ne oldu\u011funu ve nereye gitti\u011fini daha iyi g\u00f6rebilmelerini sa\u011flayarak. A\u00e7\u0131klanan \u00f6d\u00fcller tipik olarak verilen ekstra fonlar \u015feklinde \u00fccretsiz krediler birlikte <a href=\"https:\/\/casino-milyon.org\">Casino milyon<\/a> \u00fccretsiz d\u00f6n\u00fc\u015fler kullan\u0131ma haz\u0131r slotlarda. Pop\u00fcler bir efsane slotlar\u0131n \u00e7evresinde \u015fudur daha az oynamak daha b\u00fcy\u00fck kazan\u00e7lara e\u015fittir. Baz\u0131lar\u0131 birikmi\u015f \u00f6d\u00fcller sunarak alt\u0131 haneli kazan\u00e7lar elde edilmesini sa\u011flar.<\/p>\n<\/div>\n","protected":false},"excerpt":{"rendered":"<p>Oyuncular mobil bahislere eri\u015febiliyor, optimize edilmi\u015f platformlar arac\u0131l\u0131\u011f\u0131yla. Video slotlar, kar\u015f\u0131la\u015ft\u0131r\u0131ld\u0131\u011f\u0131nda, daha de\u011fi\u015fkendir. Ho\u015f geldiniz bonuslar\u0131 gibi bonuslar ve promosyonlar deneyiminizi geli\u015ftirebilir, ancak her zaman kurallar\u0131 anlay\u0131n. \u00c7evrimi\u00e7i kumar kanunlara uygun 28 alanda ve a\u015fa\u011f\u0131dakiler taraf\u0131ndan kontrol edilmektedir yarg\u0131 yetkilileri lisans veren kumarhane i\u015fletmecileri. Nihayetinde, kendinizi korumal\u0131s\u0131n\u0131z, g\u00fcvenin ama do\u011frulay\u0131n. Heyecan\u0131 hissetmek insanlar\u0131n bizzat gitme [&hellip;]<\/p>\n","protected":false},"author":1,"featured_media":1067,"parent":0,"menu_order":1,"comment_status":"closed","ping_status":"closed","template":"","meta":[],"_links":{"self":[{"href":"https:\/\/www.shahhospital.co.in\/index.php\/wp-json\/wp\/v2\/pages\/978"}],"collection":[{"href":"https:\/\/www.shahhospital.co.in\/index.php\/wp-json\/wp\/v2\/pages"}],"about":[{"href":"https:\/\/www.shahhospital.co.in\/index.php\/wp-json\/wp\/v2\/types\/page"}],"author":[{"embeddable":true,"href":"https:\/\/www.shahhospital.co.in\/index.php\/wp-json\/wp\/v2\/users\/1"}],"replies":[{"embeddable":true,"href":"https:\/\/www.shahhospital.co.in\/index.php\/wp-json\/wp\/v2\/comments?post=978"}],"version-history":[{"count":2,"href":"https:\/\/www.shahhospital.co.in\/index.php\/wp-json\/wp\/v2\/pages\/978\/revisions"}],"predecessor-version":[{"id":1155,"href":"https:\/\/www.shahhospital.co.in\/index.php\/wp-json\/wp\/v2\/pages\/978\/revisions\/1155"}],"wp:featuredmedia":[{"embeddable":true,"href":"https:\/\/www.shahhospital.co.in\/index.php\/wp-json\/wp\/v2\/media\/1067"}],"wp:attachment":[{"href":"https:\/\/www.shahhospital.co.in\/index.php\/wp-json\/wp\/v2\/media?parent=978"}],"curies":[{"name":"wp","href":"https:\/\/api.w.org\/{rel}","templated":true}]}}